t is -10 (base 6) in base 4?
-12
-2d (base 14) to base 10
-41
What is 1a2 (base 12) in base 4?
10022
Convert 29 (base 11) to base 4.
133
What is -30 (base 8) in base 3?
-220
-2 (base 16) to base 13
-2
3 (base 12) to base 9
3
Convert -120 (base 5) to base 12.
-2b
Convert 0 (base 12) to base 2.
0
-1222 (base 5) to base 15
-c7
Convert -8 (base 15) to base 2.
-1000
What is -123 (base 4) in base 9?
-30
Convert -1122 (base 3) to base 10.
-44
What is 1101 (base 2) in base 14?
d
What is -6 (base 16) in base 8?
-6
What is -100 (base 3) in base 4?
-21
12 (base 3) to base 13
5
Convert 140 (base 16) to base 11.
271
Convert -21 (base 6) to base 16.
-d
Convert 2 (base 16) to base 9.
2
What is 2 (base 9) in base 16?
2
Convert b (base 15) to base 2.
1011
-3 (base 11) to base 6
-3
What is 3 (base 12) in base 14?
3
6 (base 13) to base 14
6
7 (base 8) to base 13
7
What is 7 (base 11) in base 9?
7
-5 (base 16) to base 2
-101
Convert -203 (base 4) to base 9.
-38
-113 (base 9) to base 6
-233
Convert 36 (base 12) to base 6.
110
What is -112 (base 5) in base 7?
-44
Convert 33 (base 4) to base 13.
12
What is 35 (base 11) in base 4?
212
Convert 38 (base 16) to base 13.
44
Convert -6 (base 16) to base 4.
-12
3 (base 13) to base 6
3
What is -11 (base 3) in base 8?
-4
What is 3 (base 9) in base 5?
3
-65 (base 15) to base 7
-164
Convert -1 (base 15) to base 16.
-1
What is 12 (base 9) in base 15?
b
-4 (base 16) to base 9
-4
3 (base 13) to base 16
3
-8 (base 15) to base 14
-8
4 (base 7) to base 3
11
-20 (base 5) to base 10
-10
2 (base 16) to base 7
2
Convert 214 (base 5) to base 12.
4b
Convert 2 (base 16) to base 9.
2
What is 22012 (base 3) in base 13?
140
-1 (base 10) to base 14
-1
b (base 16) to base 7
14
12 (base 6) to base 3
22
Convert -3 (base 11) to base 6.
-3
Convert 22 (base 10) to base 4.
112
71 (base 16) to base 11
a3
Convert -5 (base 13) to base 5.
-10
1 (base 10) to base 14
1
10 (base 2) to base 12
2
0 (base 11) to base 16
0
Convert -12 (base 13) to base 2.
-1111
-d1 (base 14) to base 7
-351
What is -17 (base 12) in base 9?
-21
Convert -111 (base 3) to base 11.
-12
1010100 (base 2) to base 10
84
What is 0 (base 5) in base 3?
0
-3 (base 9) to base 10
-3
Convert 8 (base 16) to base 2.
1000
What is -1d (base 15) in base 8?
-34
-1 (base 15) to base 9
-1
What is -214 (base 11) in base 5?
-2012
Convert 10 (base 11) to base 10.
11
What is -124 (base 12) in base 6?
-444
Convert -c (base 16) to base 2.
-1100
Convert 10 (base 4) to base 3.
11
Convert 8 (base 11) to base 12.
8
Convert 0 (base 14) to base 3.
0
Convert -4 (base 11) to base 8.
-4
What is -3 (base 7) in base 13?
-3
What is -324 (base 6) in base 11?
-103
What is 32 (base 11) in base 12?
2b
Convert 52 (base 10) to base 5.
202
What is -2 (base 10) in base 8?
-2
17 (base 12) to base 9
21
Convert -1 (base 14) to base 7.
-1
26 (base 11) to base 16
1c
What is -330 (base 7) in base 3?
-20020
-202 (base 4) to base 2
-100010
What is 3 (base 4) in base 9?
3
What is 11 (base 2) in base 5?
3
-52 (base 10) to base 15
-37
-313 (base 5) to base 11
-76
What is 212 (base 7) in base 9?
128
What is 53 (base 9) in base 8?
60
Convert 83 (base 15) to base 5.
443
What is 10 (base 8) in base 4?
20
Convert -12000 (base 3) to base 13.
-a5
c (base 16) to base 4
30
What is -21 (base 4) in base 3?
-100
Convert -2b (base 16) to base 14.
-31
63 (base 9) to base 3
2010
327 (base 8) to base 16
d7
1100 (base 2) to base 3
110
Convert 244 (base 6) to base 12.
84
-5 (base 16) to base 9
-5
Convert -10000101 (base 2) to base 9.
-157
-13 (base 16) to base 13
-16
Convert -2 (base 13) to base 15.
-2
What is -12 (base 5) in base 11?
-7
21 (base 3) to base 12
7
-1011011 (base 2) to base 7
-160
What is -1 (base 14) in base 6?
-1
Convert 34 (base 7) to base 9.
27
211 (base 3) to base 5
42
Convert 1 (base 16) to base 12.
1
277 (base 9) to base 4
3220
22 (base 6) to base 16
e
-33 (base 14) to base 8
-55
What is b (base 13) in base 6?
15
Convert -3 (base 7) to base 4.
-3
Convert 20 (base 7) to base 4.
32
21c (base 13) to base 5
2423
10 (base 9) to base 11
9
Convert -6 (base 10) to base 7.
-6
-2 (base 8) to base 11
-2
Convert -102 (base 9) to base 14.
-5d
Convert -10001 (base 2) to base 11.
-16
What is -4 (base 9) in base 7?
-4
131 (base 9) to base 16
6d
Convert -8 (base 11) to base 2.
-1000
What is 7 (base 15) in base 13?
7
What is 3 (base 9) in base 12?
3
Convert -232 (base 8) to base 13.
-bb
-52 (base 8) to base 3
-1120
Convert 303 (base 5) to base 8.
116
31 (base 8) to base 10
25
What is -2 (base 6) in base 10?
-2
23 (base 7) to base 9
18
What is 6 (base 9) in base 2?
110
What is 0 (base 15) in base 9?
0
-97 (base 13) to base 16
-7c
Convert b (base 12) to base 8.
13
What is 2 (base 15) in base 8?
2
Convert -2d (base 14) to base 3.
-1112
13c (base 13) to base 14
11a
84 (base 14) to base 9
138
What is 30 (base 15) in base 11?
41
What is 11 (base 9) in base 13?
a
What is -52 (base 9) in base 16?
-2f
Convert 0 (base 16) to base 9.
0
What is 10 (base 2) in base 13?
2
Convert -1 (base 3) to base 9.
-1
Convert 103 (base 7) to base 10.
52
Convert -131 (base 4) to base 16.
-1d
Convert -220 (base 5) to base 11.
-55
-456 (base 7) to base 9
-283
Convert 0 (base 2) to base 4.
0
-1140 (base 5) to base 16
-aa
101 (base 2) to base 16
5
Convert 4 (base 12) to base 13.
4
What is -1 (base 11) in base 15?
-1
What is -55 (base 9) in base 16?
-32
Convert d7 (base 15) to base 4.
3022
Convert 300 (base 5) to base 7.
135
-58 (base 9) to base 3
-1222
Convert 23 (base 8) to base 15.
14
Convert 5 (base 8) to base 15.
5
-3 (base 15) to base 3
-10
1122 (base 5) to base 13
c6
What is -30 (base 15) in base 4?
-231
Convert 260 (base 8) to base 12.
128
What is -a (base 13) in base 11?
-a
Convert 12 (base 9) to base 6.
15
-323 (base 5) to base 15
-5d
Convert -44 (base 7) to base 11.
-2a
What is 1132 (base 4) in base 10?
94
21 (base 8) to base 11
16
6 (base 9) to base 16
6
What is 1011 (base 3) in base 12?
27
-10011 (base 2) to base 15
-14
-28 (base 14) to base 4
-210
3b (base 15) to base 11
51
Convert -3 (base 5) to base 13.
-3
What is -10100 (base 2) in base 15?
-15
13 (base 5) to base 10
8
3c (base 13) to base 16
33
Convert 220 (base 4) to base 8.
50
What is -3 (base 13) in base 12?
-3
What is -9 (base 15) in base 14?
-9
What is 10 (base 3) in base 9?
3
-3 (base 4) to base 3
-10
-110 (base 3) to base 14
-c
Convert 3 (base 6) to base 2.
11
What is -8 (base 16) in base 10?
-8
Convert -68 (base 11) to base 4.
-1022
Convert -5 (base 11) to base 3.
-12
Convert 3 (base 4) to base 6.
3
What is -1012 (base 3) in base 4?
-200
What is 1 (base 7) in base 2?
1
-2 (base 7) to base 5
-2
What is 42 (base 15) in base 13?
4a
What is -2221 (base 3) in base 14?
-59
-42 (base 7) to base 10
-30
Convert -19 (base 16) to base 8.
-31
50 (base 6) to base 8
36
What is -100 (base 4) in base 2?
-10000
What is 111100 (base 2) in base 4?
330
Convert -40 (base 15) to base 3.
-2020
What is -6 (base 8) in base 12?
-6
-a7 (base 13) to base 8
-211
Convert -10 (base 2) to base 11.
-2
Convert -7 (base 12) to base 15.
-7
Convert -4 (base 16) to base 11.
-4
Convert 2 (base 11) to base 15.
2
Convert -8 (base 9) to base 11.
-8
What is -a (base 11) in base 9?
-11
-130 (base 9) to base 2
-1101100
53 (base 15) to base 11
71
Convert -4 (base 5) to base 4.
-10
What is 8 (base 11) in base 3?
22
What is 1 (base 5) in base 15?
1
Convert 22 (base 4) to base 15.
a
Convert 223 (base 4) to base 15.
2d
Convert 1e (base 16) to base 4.
132
What is 11 (base 13) in base 8?
16
Convert 130 (base 7) to base 5.
240
Convert 40 (base 10) to base 4.
220
Convert 26 (base 12) to base 11.
28
What is -214 (base 5) in base 16?
-3b
Convert 2 (base 16) to base 11.
2
Convert -5 (base 12) to base 3.
-12
What is -15 (base 10) in base 15?
-10
What is 40 (base 6) in base 5?
44
What is -1 (base 16) in base 10?
-1
Convert -2 (base 12) to base 15.
-2
What is -53 (base 14) in base 16?
-49
Convert -12 (base 16) to base 12.
-16
Convert -3 (base 7) to base 14.
-3
Convert 3 (base 7) to base 11.
3
What is -3 (base 12) in base 3?
-10
Convert 13 (base 11) to base 12.
12
What is 12 (base 7) in base 5?
14
4 (base 13) to base 14
4
What is 1111 (base 2) in base 8?
17
-1001 (base 2) to base 13
-9
What is -2 (base 10) in base 8?
-2
7 (base 12) to base 13
7
What is -2010 (base 